NOAA-Style Climate Reports

Select a Year or Month report
2024: Jan Feb Mar Apr May Jun Jul Aug Sep Oct Nov Dec
2023: Jan Feb Mar Apr May Jun Jul Aug Sep Oct Nov Dec
2022: Jan Feb Mar Apr May Jun Jul Aug Sep Oct Nov Dec
2021: Jan Feb Mar Apr May Jun Jul Aug Sep Oct Nov Dec
2020: Jan Feb Mar Apr May Jun Jul Aug Sep Oct Nov Dec

Report for 2021

Daily NOAA report




                            YEARLY CLIMATOLOGICAL SUMMARY for Dec 2021

NAME: KNJHAMIL26   CITY: Hamilton Square STATE: NJ
ELEV: 108 LAT: 040:21:34 LONG: 0074:60:60

                            TEMPERATURE ( °F), RAIN (in.), WIND SPEED (mph)

                                                 HEAT     COOL           AVG
      MEAN                                       DEG      DEG            WIND                        DOM
MTH   TEMP    HIGH   TIME      LOW     TIME      DAYS     DAYS   RAIN    SPEED    HIGH    TIME       DIR
--------------------------------------------------------------------------------------------------------
01    33.6   053.1   13:31    12.9   03:43    0972.8    0000.0   02.12    01.1     29.9    23:57      S 
02    32.9   057.9   15:20    13.8   06:47    0896.9    0000.0   03.24    01.1     29.9    23:53      S 
03    45.1   083.1   15:50    20.8   05:13    0617.9    0002.1   03.65    01.7     32.2    23:57     SSW
04    53.3   088.9   16:38    23.4   06:57    0359.0    0010.1   02.84    01.4     29.9    23:54     SSW
05    60.8   092.3   16:08    36.5   06:36    0183.8    0056.1   03.39    01.2     25.3    23:57      S 
06    72.6   098.6   16:50    48.7   06:13    0005.1    0234.4   05.23    01.2     25.3    23:57      S 
07    75.2   096.1   16:00    52.9   06:34    0000.0    0318.4   07.80    00.9     27.6    23:57      S 
08    75.4   097.0   15:34    57.4   06:45    0000.0    0326.1   08.62    00.7     19.6    23:57      S 
09    68.4   089.4   15:39    49.3   07:52    0022.1    0127.4   05.75    01.0     27.6    23:57      S 
10    61.0   084.4   15:59    40.6   07:26    0136.3    0015.8   05.78    00.9     29.9    23:54     SSE
11    43.6   073.0   15:05    23.5   03:37    0637.4    0000.0   01.13    00.9     38.0    23:57      S 
12    42.3   067.3   19:53    18.5   07:36    0702.1    0000.0   01.48    01.1     32.2    23:57      S 
--------------------------------------------------------------------------------------------------------
      55.5    98.6            12.9            4533.3     1090.4   51.02     1.1     38.0               S 

Max >  90.0: 56
Max <  32.0: 7
Min <  32.0: 365
Min <   0.0: 0
Max >  90.0: 56
Max <  32.0: 7
Min <  32.0: 365
Min <   0.0: 0
Max < 23.0: 0
Min <  23.0: 21
Max <  14.0: 0
Min <  14.0: 2
Max <   5.0: 0
Min <   0.0: 0
Max <  -4.0: 0
Min <  -4.0: 0
Max < -13.0: 0
Min < -13.0: 0
Max Rain: 0.01 ON 31-01-22
Days of Rain: 143 (> .008in) 85 (> .08in) 18 (> 0.8in)
Max Rain: 0.41 ON 11-12-22