NOAA-Style Climate Reports

Select a Year or Month report
2024: Jan Feb Mar Apr May Jun Jul Aug Sep Oct Nov Dec
2023: Jan Feb Mar Apr May Jun Jul Aug Sep Oct Nov Dec
2022: Jan Feb Mar Apr May Jun Jul Aug Sep Oct Nov Dec
2021: Jan Feb Mar Apr May Jun Jul Aug Sep Oct Nov Dec
2020: Jan Feb Mar Apr May Jun Jul Aug Sep Oct Nov Dec

Report for 2023 November

Daily NOAA report




                            MONTHLY CLIMATOLOGICAL SUMMARY for NOV. 2023

NAME: KNJHAMIL26   CITY: Hamilton Square STATE: NJ
ELEV: 108 LAT: 040:21:34 LONG: 0074:60:60

                            TEMPERATURE ( °F), RAIN (in.), WIND SPEED (mph)

                                               HEAT     COOL           AVG
      MEAN                                     DEG      DEG            WIND                       DOM
DAY   TEMP    HIGH   TIME     LOW    TIME      DAYS     DAYS    RAIN   SPEED    HIGH    TIME      DIR
--------------------------------------------------------------------------------------------------------
01    43.0   050.9   13:52    31.5   00:00     21.9     00.0   00.11   00.8     17.3    16:13      E 
02    37.2   052.5   16:18    26.1   08:03     27.8     00.0   00.00   00.3     12.7    12:32     SSE
03    41.5   059.7   15:54    28.0   07:58     23.4     00.0   00.00   01.2     14.9    16:38      S 
04    44.8   058.3   15:46    33.6   06:14     20.1     00.0   00.00   00.1     06.9    16:36     SSE
05    50.1   069.8   14:20    35.6   06:55     14.9     00.0   00.00   00.2     12.7    18:15      SE
06    49.0   063.1   14:52    38.5   04:19     15.9     00.0   00.00   00.3     12.7    09:43      SE
07    55.4   065.7   15:56    48.7   00:12     09.5     00.0   00.00   01.1     14.9    12:37      S 
08    44.7   055.9   15:33    33.8   00:00     20.2     00.0   00.00   00.5     14.9    12:01     ESE
09    50.1   062.2   15:26    33.8   00:14     14.9     00.0   00.00   00.1     10.3    11:30      SE
10    45.5   051.1   12:27    39.6   00:00     19.5     00.0   00.01   00.5     12.7    12:19      S 
11    44.4   057.4   13:06    31.6   06:49     20.5     00.0   00.00   00.6     14.9    21:00      E 
12    36.3   048.2   13:58    28.6   00:00     28.7     00.0   00.00   00.5     12.7    12:22      E 
13    37.1   052.9   14:33    24.3   07:25     27.8     00.0   00.00   00.4     14.9    14:31     SSE
14    42.4   056.8   14:37    29.7   07:22     22.5     00.0   00.00   00.8     21.9    11:18      E 
15    40.4   053.6   15:45    27.1   06:43     24.6     00.0   00.00   00.3     10.3    19:51     SSE
16    47.6   067.6   15:09    33.8   07:11     17.4     00.0   00.00   00.4     12.7    14:13     SSE
17    54.1   068.9   14:16    39.7   02:20     10.9     00.0   00.00   01.8     19.6    13:50      S 
18    50.1   059.0   00:33    30.6   00:00     14.9     00.0   00.00   01.0     21.9    16:05      E 
19    42.6   057.6   14:46    30.2   00:47     22.3     00.0   00.00   00.9     19.6    14:47     SSW
20    37.1   048.9   15:08    26.6   08:06     27.8     00.0   00.00   00.7     12.7    12:55     ENE
21    40.9   050.2   00:00    30.9   04:11     24.1     00.0   00.72   01.1     19.6    12:40     ENE
22    51.7   057.0   14:47    48.4   11:45     13.3     00.0   00.98   00.5     17.3    01:16      S 
23    46.5   054.5   15:03    36.0   20:45     18.5     00.0   00.00   01.2     17.3    10:13      SW
24    41.7   052.7   14:38    31.3   00:00     23.2     00.0   00.00   01.1     19.6    20:53      NE
25    31.1   044.4   15:11    22.1   07:32     33.9     00.0   00.00   00.0     06.9    14:57      SE
26    40.6   054.3   22:58    25.9   00:54     24.4     00.0   00.80   00.5     14.9    00:00     ESE
27    42.9   051.6   14:01    34.2   00:00     22.1     00.0   00.01   01.9     19.6    15:18      SW
28    32.9   039.6   13:35    27.9   00:00     32.0     00.0   00.00   01.9     27.6    15:27      SW
29    31.0   037.8   14:11    23.5   07:44     34.0     00.0   00.00   00.6     17.3    14:18     SSW
30    39.2   054.0   14:48    24.1   07:26     25.8     00.0   00.00   01.3     17.3    14:04     SSW
--------------------------------------------------------------------------------------------------------
43.1 (43.5)   69.8  day 05     22.1  day 25   656.5    000.0   02.61   00.8     27.6   day 18     SSE
Min <  86: 30
Min <  23: 1
Max Rain: 0.98 ON 22-11-23
Days of Rain: 6 (> .008in) 4 (> .08in) 2 (> 0.8in)