NOAA-Style Climate Reports

Select a Year or Month report
2024: Jan Feb Mar Apr May Jun Jul Aug Sep Oct Nov Dec
2023: Jan Feb Mar Apr May Jun Jul Aug Sep Oct Nov Dec
2022: Jan Feb Mar Apr May Jun Jul Aug Sep Oct Nov Dec
2021: Jan Feb Mar Apr May Jun Jul Aug Sep Oct Nov Dec
2020: Jan Feb Mar Apr May Jun Jul Aug Sep Oct Nov Dec

Report for 2023 August

Daily NOAA report




                            MONTHLY CLIMATOLOGICAL SUMMARY for AUG. 2023

NAME: KNJHAMIL26   CITY: Hamilton Square STATE: NJ
ELEV: 108 LAT: 040:21:34 LONG: 0074:60:60

                            TEMPERATURE ( °F), RAIN (in.), WIND SPEED (mph)

                                               HEAT     COOL           AVG
      MEAN                                     DEG      DEG            WIND                       DOM
DAY   TEMP    HIGH   TIME     LOW    TIME      DAYS     DAYS    RAIN   SPEED    HIGH    TIME      DIR
--------------------------------------------------------------------------------------------------------
01    70.2   082.9   17:03    60.6   06:47     00.0     05.3   00.00   00.7     12.7    15:03      E 
02    68.1   083.1   15:48    55.6   06:40     00.0     03.2   00.00   00.4     12.7    11:43     ESE
03    69.2   080.8   15:35    55.9   06:38     00.0     04.3   00.00   02.2     19.6    11:08      S 
04    71.5   076.3   16:01    66.7   06:17     00.0     06.5   00.00   02.1     14.9    19:40     SSW
05    75.0   085.3   15:42    65.1   06:46     00.0     10.0   00.00   00.4     10.3    15:02     ESE
06    75.1   090.5   16:20    61.5   06:14     00.0     10.1   00.00   00.6     12.7    14:11     SSE
07    74.5   085.3   16:20    67.3   05:00     00.0     09.6   00.86   02.1     21.9    19:34      S 
08    73.1   079.5   18:14    68.4   00:49     00.0     08.2   00.00   01.5     25.3    17:05     SSW
09    76.3   088.5   16:47    66.9   07:11     00.0     11.4   00.00   01.4     17.3    15:33     SSW
10    71.4   079.5   11:20    65.7   02:52     00.0     06.4   00.71   00.3     12.7    15:40     SSE
11    73.8   088.2   17:23    64.0   05:40     00.0     08.8   00.00   00.6     12.7    16:57      S 
12    74.8   087.4   16:42    62.6   05:45     00.0     09.8   00.00   01.2     19.6    14:26      S 
13    77.5   088.9   16:55    67.6   06:41     00.0     12.5   00.04   01.0     14.9    17:24      S 
14    75.4   090.7   15:47    64.4   05:56     00.0     10.5   00.00   00.2     12.7    13:57     SSE
15    78.2   090.1   15:50    71.4   00:00     00.0     13.3   01.42   00.8     12.7    15:42      S 
16    75.4   088.7   16:18    70.0   06:54     00.0     10.5   00.07   00.3     10.3    17:14      SE
17    76.0   086.4   14:28    70.2   04:08     00.0     11.1   00.00   00.4     14.9    17:15      S 
18    75.3   082.9   16:32    65.8   23:59     00.0     10.4   00.01   01.7     17.3    16:05     SSW
19    69.9   081.3   17:26    59.9   06:49     00.0     04.9   00.00   01.1     14.9    16:22      S 
20    71.6   088.5   16:11    56.8   06:56     00.0     06.7   00.00   00.9     17.3    15:36      S 
21    76.8   088.9   17:57    65.8   03:06     00.0     11.9   00.00   00.4     14.9    16:09      SE
22    72.3   079.2   17:13    61.2   00:00     00.0     07.3   00.00   01.7     17.3    12:56     NNE
23    68.0   081.7   15:54    56.5   06:59     00.0     03.0   00.00   00.2     10.3    14:30      SE
24    67.7   074.3   14:13    64.0   06:15     00.0     02.7   00.08   00.2     12.7    14:37     SSE
25    74.2   084.4   16:27    68.2   00:02     00.0     09.2   00.87   00.5     12.7    04:27      S 
26    75.9   085.8   17:09    68.4   00:00     00.0     11.0   00.00   00.7     12.7    16:07      E 
27    73.1   085.8   15:38    63.9   06:53     00.0     08.2   00.00   00.5     12.7    11:57     ESE
28    71.1   078.6   13:52    65.7   01:59     00.0     06.1   00.00   00.5     14.9    12:27      SE
29    71.5   078.3   16:19    65.7   04:25     00.0     06.6   00.00   00.3     12.7    09:27     ESE
30    74.8   084.7   14:49    68.7   00:00     00.0     09.8   00.07   00.9     14.9    15:13      S 
31    67.7   078.3   16:14    58.5   23:37     00.0     02.8   00.00   01.5     19.6    11:56      NE
--------------------------------------------------------------------------------------------------------
73.1 (74.2)   90.7  day 14     55.6  day 02   000.0    252.3   04.09   00.9     25.3   day 12     SSE
Max >  86: 11
Min <  86: 31
Max Rain: 1.42 ON 15-08-23
Days of Rain: 9 (> .008in) 5 (> .08in) 3 (> 0.8in)