NOAA-Style Climate Reports

Select a Year or Month report
2024: Jan Feb Mar Apr May Jun Jul Aug Sep Oct Nov Dec
2023: Jan Feb Mar Apr May Jun Jul Aug Sep Oct Nov Dec
2022: Jan Feb Mar Apr May Jun Jul Aug Sep Oct Nov Dec
2021: Jan Feb Mar Apr May Jun Jul Aug Sep Oct Nov Dec
2020: Jan Feb Mar Apr May Jun Jul Aug Sep Oct Nov Dec

Report for 2022 July

Daily NOAA report




                            MONTHLY CLIMATOLOGICAL SUMMARY for JUL. 2022

NAME: KNJHAMIL26   CITY: Hamilton Square STATE: NJ
ELEV: 108 LAT: 040:21:34 LONG: 0074:60:60

                            TEMPERATURE ( °F), RAIN (in.), WIND SPEED (mph)

                                               HEAT     COOL           AVG
      MEAN                                     DEG      DEG            WIND                       DOM
DAY   TEMP    HIGH   TIME     LOW    TIME      DAYS     DAYS    RAIN   SPEED    HIGH    TIME      DIR
--------------------------------------------------------------------------------------------------------
01    79.8   093.7   14:52    66.0   03:48     00.0     14.8   00.00   02.5     17.3    17:06      S 
02    82.3   093.9   16:14    75.7   05:39     00.0     17.4   00.00   02.0     14.9    16:26     SSW
03    78.2   090.1   16:27    67.0   00:00     00.0     13.3   00.01   00.7     14.9    20:17      E 
04    72.7   087.8   16:06    55.9   06:09     00.0     07.7   00.00   00.6     14.9    13:41     ESE
05    75.3   088.2   13:12    64.2   02:26     00.0     10.4   00.00   02.2     21.9    18:49      S 
06    79.3   088.0   12:47    73.0   02:47     00.0     14.4   00.00   01.3     17.3    09:40     SSE
07    73.3   079.5   15:02    68.5   00:00     00.0     08.4   00.04   00.5     12.7    16:47     ESE
08    75.1   089.1   15:27    61.7   06:14     00.0     10.2   00.46   00.9     14.9    14:40      S 
09    71.5   079.5   13:41    64.0   00:00     00.0     06.6   00.01   00.3     10.3    15:44      SE
10    70.5   082.6   14:47    59.5   07:19     00.0     05.5   00.00   00.7     14.9    16:51      SE
11    72.4   087.4   17:14    58.1   06:41     00.0     07.5   00.00   01.4     14.9    19:16      S 
12    78.5   093.0   16:28    64.8   03:55     00.0     13.5   00.00   02.9     25.3    20:41     SSW
13    77.2   092.5   17:06    68.5   06:30     00.0     12.3   00.00   00.4     10.3    16:25     SSE
14    79.0   092.5   16:52    69.1   05:49     00.0     14.1   00.00   00.6     10.3    19:16     ESE
15    74.0   087.4   14:42    64.0   06:18     00.0     09.1   00.00   00.3     12.7    10:43      SE
16    76.0   091.0   15:54    67.5   02:47     00.0     11.0   00.09   00.5     12.7    14:19     SSE
17    76.0   090.1   16:22    67.3   06:15     00.0     11.1   00.18   00.4     12.7    14:24     SSE
18    80.6   092.8   15:18    72.0   06:33     00.0     15.7   00.01   02.8     21.9    13:19     SSW
19    83.1   094.6   17:18    74.1   06:41     00.0     18.1   00.00   01.3     14.9    14:28     SSW
20    84.3   098.8   17:10    69.8   06:42     00.0     19.4   00.00   01.4     14.9    14:47      S 
21    85.4   097.3   14:41    73.9   03:37     00.0     20.4   00.00   02.2     21.9    16:24     SSW
22    85.3   098.8   16:35    72.0   07:12     00.0     20.4   00.00   01.1     17.3    18:40      S 
23    84.9   100.8   16:27    71.6   06:34     00.0     19.9   00.00   00.9     14.9    13:54     SSE
24    86.0   100.0   17:01    71.1   06:28     00.0     21.0   00.00   02.0     17.3    16:46      S 
25    83.8   091.0   14:55    76.8   00:00     00.0     18.9   00.00   03.3     19.6    15:34     SSW
26    74.9   080.8   17:57    68.0   00:00     00.0     09.9   00.00   00.5     10.3    16:59      SE
27    77.4   088.7   13:46    66.7   01:33     00.0     12.5   00.00   00.7     12.7    14:47     SSE
28    80.8   093.4   16:14    71.6   06:42     00.0     15.9   00.37   01.2     19.6    14:59      S 
29    76.6   087.4   14:24    70.5   07:07     00.0     11.6   00.05   00.2     14.9    18:29     SSE
30    78.4   090.3   15:12    67.6   07:07     00.0     13.5   00.00   01.0     19.6    13:31      SE
31    76.2   089.6   15:27    63.3   06:45     00.0     11.2   00.00   00.5     12.7    12:02     SSE
--------------------------------------------------------------------------------------------------------
78.3 (79.3)   100.8  day 23     55.9  day 04   000.0    415.7   01.22   01.2     25.3   day 18      S 
Max >  86: 27
Min <  86: 31
Max Rain: 0.46 ON 8-07-22
Days of Rain: 9 (> .008in) 4 (> .08in) 0 (> 0.8in)